{"id":44746,"date":"2023-12-16T21:41:10","date_gmt":"2023-12-16T20:41:10","guid":{"rendered":"https:\/\/kupisimo.rs\/?post_type=product&#038;p=44746"},"modified":"2025-01-20T16:44:30","modified_gmt":"2025-01-20T15:44:30","slug":"usb-punjac-za-telefon","status":"publish","type":"product","link":"https:\/\/kupisimo.rs\/index.php\/proizvod\/usb-punjac-za-telefon\/","title":{"rendered":"Privezak za punjenje telefona"},"content":{"rendered":"","protected":false},"excerpt":{"rendered":"<h2><span style=\"color: #000000;\"><strong>Uvek i svuda puna baterija<\/strong><\/span><\/h2>\n<p><span style=\"color: #000000;\">U svetu gde se ne odvajamo od mobilnih telefona, prazna baterija je na\u0161a svakodnevnica. Ovaj genijalni privezak re\u0161i\u0107e taj problem jednom za svagda.<\/span><\/p>\n<p><span style=\"color: #000000;\"><strong>Dovoljno energije: <\/strong>Sa kapacitetom od 1500mAh,donosi mo\u0107nu rezervu energije kako bi va\u0161i ure\u0111aji bili uvek spremni.<\/span><\/p>\n<p><span style=\"color: #000000;\"><strong>Elegnatan dizajn:<\/strong> Nije samo superheroj po svojoj funkciji, ve\u0107 i po svom izgledu!<\/span><\/p>\n<p><span style=\"color: #000000;\"><strong>Brzo punjenje: <\/strong>Samo ga priklju\u010di i nastavi da u\u017eiva\u0161 u svojim avanturama.<\/span><\/p>\n<p><span style=\"color: #000000;\"><strong>Za Sve Tvoje Ure\u0111aje: <\/strong>Ovaj privezak je tvoj prijatelj bez obzira na to koji ure\u0111aj ima\u0161.<\/span><\/p>\n<h3><span style=\"color: #000000;\">Nadma\u0161i\u0107e sva o\u010dekivanja<\/span><\/h3>\n<p><span style=\"color: #000000;\">Li\u010dna rezerva energije, prilago\u0111en dinami\u010dnom tempu savremenog \u017eivota.<\/span><\/p>\n<p><span style=\"color: #000000;\"><strong>Brzo i Efikasno Punjenje: <\/strong>Plug and play funkcionalnost osigurava trenutno punjenje, osloba\u0111aju\u0107i vas od \u010dekanja i omogu\u0107avaju\u0107i fokus na va\u0161im prioritetima.<\/span><\/p>\n<p><span style=\"color: #000000;\"><strong>Univerzalna Kompatibilnost: <\/strong>Nevezano za brend va\u0161eg ure\u0111aja, Privezak je dizajniran da bude savr\u0161eno uskla\u0111en sa \u0161irokim spektrom mobilnih ure\u0111aja.<\/span><\/p>\n<p><span style=\"color: #000000;\"><strong>Prakti\u010dna Elegancija: <\/strong>Ugra\u0111ena kop\u010da ne samo da pru\u017ea funkcionalnost ve\u0107 i dodaje dozu elegancije, \u010dine\u0107i privezak neprimetnim delom va\u0161eg stila.<\/span><\/p>\n<p>&nbsp;<\/p>\n<p><span style=\"color: #000000;\">Tehni\u010dke Specifikacije:<\/span><\/p>\n<ul>\n<li><span style=\"color: #000000;\">Kapacitet: 1500mAh<\/span><\/li>\n<li><span style=\"color: #000000;\">Vodootporan<\/span><\/li>\n<li><span style=\"color: #000000;\">Ugra\u0111ena kop\u010da za lako no\u0161enje<\/span><\/li>\n<li><span style=\"color: #000000;\">Plug-and-play funkcionalnost za brzo punjenje<\/span><\/li>\n<li><span style=\"color: #000000;\">Univerzalna kompatibilnost sa razli\u010ditim ure\u0111ajima.<\/span><\/li>\n<\/ul>\n","protected":false},"featured_media":44750,"comment_status":"open","ping_status":"closed","template":"","meta":[],"product_brand":[],"product_cat":[82,70,78],"product_tag":[],"class_list":{"0":"post-44746","1":"product","2":"type-product","3":"status-publish","4":"has-post-thumbnail","6":"product_cat-it-i-gaming","7":"product_cat-poklon-shop","8":"product_cat-tehnika","10":"first","11":"instock","12":"sale","13":"shipping-taxable","14":"purchasable","15":"product-type-variable"},"_links":{"self":[{"href":"https:\/\/kupisimo.rs\/index.php\/wp-json\/wp\/v2\/product\/44746","targetHints":{"allow":["GET"]}}],"collection":[{"href":"https:\/\/kupisimo.rs\/index.php\/wp-json\/wp\/v2\/product"}],"about":[{"href":"https:\/\/kupisimo.rs\/index.php\/wp-json\/wp\/v2\/types\/product"}],"replies":[{"embeddable":true,"href":"https:\/\/kupisimo.rs\/index.php\/wp-json\/wp\/v2\/comments?post=44746"}],"wp:featuredmedia":[{"embeddable":true,"href":"https:\/\/kupisimo.rs\/index.php\/wp-json\/wp\/v2\/media\/44750"}],"wp:attachment":[{"href":"https:\/\/kupisimo.rs\/index.php\/wp-json\/wp\/v2\/media?parent=44746"}],"wp:term":[{"taxonomy":"product_brand","embeddable":true,"href":"https:\/\/kupisimo.rs\/index.php\/wp-json\/wp\/v2\/product_brand?post=44746"},{"taxonomy":"product_cat","embeddable":true,"href":"https:\/\/kupisimo.rs\/index.php\/wp-json\/wp\/v2\/product_cat?post=44746"},{"taxonomy":"product_tag","embeddable":true,"href":"https:\/\/kupisimo.rs\/index.php\/wp-json\/wp\/v2\/product_tag?post=44746"}],"curies":[{"name":"wp","href":"https:\/\/api.w.org\/{rel}","templated":true}]}}